its digit of w(j)?
6
Let r(y) = 11*y - 3. Let h be r(3). Suppose -g = -6*g - h. Let v = -1 - g. What is the units digit of v?
5
Let f = 2 - 0. Suppose 4 = 2*j + 4*x + 16, 0 = 3*j - f*x - 6. Suppose j = y - 7 - 6. What is the tens digit of y?
1
What is the tens digit of 13 - 0*(-1)/2?
1
Suppose -t + 5*c = -12, t + 3*c = 19 + 1. Suppose -l = 5*b - 95, 2*b + l - 55 + t = 0. What is the units digit of b?
9
Let u = -7 + 7. What is the units digit of 5/(3/6 - u)?
0
Let u(d) = -4*d + 11. What is the tens digit of u(-4)?
2
Let r(g) = 57*g - 3. Let f be r(2). Suppose -5*j = f - 286. What is the tens digit of j?
3
Let s(c) = -c**2 - 6*c + 1. Let z be s(-6). Let p = z - -1. Suppose -p*o = -0*o + 10, 3*a + o - 10 = 0. What is the units digit of a?
5
Let m = -7 - -12. Suppose 41 - m = 2*z. Suppose 2 = -4*x + z. What is the units digit of x?
4
Suppose -2*n + 58 = 4*s - n, 3*s - 41 = -2*n. Let l be (-2 - s)*(0 - 1). Let m = l - 9. What is the units digit of m?
8
Let a(b) = b + 1. Let p(j) = 2*j - 6. Let l(h) = a(h) - p(h). Let m be l(5). What is the units digit of m/3 - (-57)/9?
7
Let v = 19 + 0. What is the units digit of v/2 - 2/4?
9
Suppose 2*t = 4*d - 8, 3*t - 10 = -3*d + 5. Suppose 2*r - 8 = -4*o, -4*r + 3*o - t*o + 34 = 0. What is the units digit of r?
8
Suppose -3*v = -2*p + 193, -3*v - 290 = -3*p + 2*v. What is the units digit of p?
5
Let c = 47 - 18. What is the units digit of c?
9
Let j(d) = -d - 3. Let s be j(-6). Let i = s - 0. Suppose -x + i - 2 = 0. What is the units digit of x?
1
Let x be ((-2)/2)/((-2)/28). Let v = 6 - 2. Let l = x - v. What is the units digit of l?
0
Suppose 3 = -2*y + 37. What is the units digit of y?
7
Suppose -6*x - 84 = -4*c - x, x = 0. Suppose -2*o - c + 3 = 0. Let t = o + 20. What is the tens digit of t?
1
Let n = 6 - 4. Let i be n*(-3)/12*0. Suppose i = 5*u - 18 - 7. What is the units digit of u?
5
Suppose -792 = -0*z - 4*z. What is the hundreds digit of z?
1
Suppose -4*n + 5*k + 519 = 0, 5*k = -n + 72 + 89. What is the tens digit of n?
3
Let b = -5 + 11. Let w be ((-3)/b)/((-1)/34). Let f = w - 8. What is the units digit of f?
9
Let j(n) = -5*n - 7. Let h = -16 - -14. What is the units digit of j(h)?
3
Let u = 172 - 152. What is the tens digit of u?
2
Let a(t) = -2*t + 6. Let w be a(3). Suppose -2*k - 3*k + 90 = w. What is the units digit of k?
8
Let q(u) = 30*u - 1. What is the tens digit of q(1)?
2
Let z = -5 - -8. Suppose -5*d + 47 = 3*o + 2, -z*d = -o + 1. What is the tens digit of o?
1
Suppose 0 = 4*g + 5*p - 57, 2*p - 66 = -4*g - 0*p. What is the units digit of g?
8
Suppose -u - 4*u + n = -1, -2*u - 4*n - 4 = 0. Suppose u = -3*t + 8 + 31. What is the tens digit of t?
1
Suppose -172 = 7*n - 788. What is the units digit of n?
8
What is the tens digit of -2*((-20)/2)/1?
2
Suppose -4*c = -2*n - 226, -64 + 351 = 5*c + 2*n. What is the tens digit of c?
5
Let h(t) = t**2 + 3*t - 2. Let c = -5 + 2. Let x be h(c). What is the units digit of (2 + x)/(-1) - -2?
2
Let a(f) be the second derivative of 7/12*f**4 + 1/2*f**2 + 3*f + 1/20*f**5 + 2/3*f**3 + 0. What is the units digit of a(-6)?
3
Suppose -x + 6*t + 2 = 3*t, -2 = -x + 2*t. Suppose 0 = -x*u - 18 + 56. Suppose u = k + 3*h, 2*k = -2*h + 39 - 17. What is the units digit of k?
7
Suppose 0 = 4*v + 3 + 5. What is the units digit of ((-78)/(-18))/(v/(-18))?
9
Suppose 2 = -3*v + 3*y + 8, -2*y - 4 = -4*v. Let n(l) = -l**2 - l + 1. Let m(i) = -4*i**2 - 6*i + 8. Let p(d) = m(d) - 5*n(d). What is the units digit of p(v)?
3
Let z(s) = 3*s**3 - s - 4. What is the hundreds digit of z(4)?
1
Let k = -2 + -6. What is the tens digit of (k/6)/(2/(-18))?
1
Suppose -2*a - 2 - 10 = 0. Let l = -8 - a. What is the units digit of (-3)/2*(l - 4)?
9
Let s(j) = j**2 + 2*j + 7. What is the tens digit of s(-15)?
0
Let f = -15 + 38. What is the units digit of f?
3
Suppose -z + 233 - 8 = 0. What is the units digit of z?
5
Let t(d) = -d - 7. What is the units digit of t(-10)?
3
Suppose 0*y + 132 = 3*y. What is the units digit of y?
4
Let f = 533 + -307. What is the tens digit of f?
2
Suppose 5*v + 10 = -0*v. Let r(q) = 5*q**2 - 2. What is the tens digit of r(v)?
1
Let a = 31 - 23. What is the units digit of a?
8
Let k = -6 - -11. Suppose -4*y = 5*z - 51, 6 = -3*y - k*z + 43. What is the units digit of y?
4
Let t = -97 + 169. What is the units digit of t?
2
Let a(v) = v - 5. Let g(c) = c - 3. Let w(s) = 2*a(s) - 5*g(s). Let f be w(4). What is the units digit of (1 - 2)/(1/f)?
7
Let y(l) = -l + 1. Let w(n) = 2*n - 1. Let g(b) = -6*w(b) - 11*y(b). Let v be g(-8). Suppose 23 = v*a + 2*p - p, -2*a + 14 = 2*p. What is the units digit of a?
8
Let t(o) = -o**3 + 6*o**2 - 4*o + 5. Let v be t(5). Let x(a) = -a**3 + 11*a**2 - 8*a - 14. What is the units digit of x(v)?
6
Suppose -3*p = 2*p - 35. What is the units digit of p?
7
Let z(n) = 12*n**2 - 5*n - 1. What is the hundreds digit of z(5)?
2
Let w(s) = -3*s - 13. Let n(t) = t**2 - 3*t + 1. Let i be n(4). Suppose 13 = -m - 2*a, -i*a + 5 = -4*m - 21. What is the tens digit of w(m)?
1
Let u(d) = d**3 - d**2 - 5. Let j = 3 - 3. Let a be u(j). Let x(k) = -k**2 - 7*k + 3. What is the tens digit of x(a)?
1
Let j(t) = -55*t. Let r be j(-1). Suppose -5*l + r = -10. What is the units digit of l?
3
Suppose -5*v + 421 = 51. Let h = v + -34. What is the tens digit of 3/(-1)*h/(-12)?
1
Suppose 0 = -3*o - 6, 0*f + o - 13 = -5*f. Suppose d + 2 = f*d. What is the units digit of d?
1
Let m = -9 - -7. What is the units digit of (2 - 0)/(m/(-11))?
1
Let j(t) = -2*t + t + 3 - t. Let x be j(-4). Suppose -5*y + x = -14. What is the units digit of y?
5
Let h(k) be the third derivative of 1/10*k**5 + 5/6*k**3 - 5/24*k**4 + 2*k**2 + 0 - 1/120*k**6 + 0*k. What is the units digit of h(5)?
5
Suppose 3*r + 3*q = q + 25, 3*q - 40 = -5*r. Suppose 5*a - 6*a = -3, -r*a = 3*u - 96. What is the units digit of u?
7
What is the units digit of 13/((5 + -1)/8)?
6
Suppose 4*s = o - 79, 2*s - 7 + 1 = 0. What is the units digit of o?
1
Let d be 2 + -1 + 10 - 0. Suppose -d = 4*x + 1. What is the units digit of x - (-2)/1 - -6?
5
Let v be ((-1)/3)/((-2)/(-6)). What is the tens digit of (-19 + v/1)/(-1)?
2
Let j(s) = s**2 + 7*s - 15. Suppose 39 = -6*m - 15. What is the units digit of j(m)?
3
What is the tens digit of (48 - 17) + (-1)/((-1)/3)?
3
Let q = 3 - 20. Let r = q + 28. What is the units digit of r?
1
Suppose 5*h - 2*c = 78, -5*h - 3*c + 51 + 32 = 0. Let x = -9 + h. What is the units digit of x?
7
What is the tens digit of (-6)/(4/(-6)*3) + 121?
2
Let m be (-2 + 0)/2*-14. Let d = -1 + -8. Let l = m + d. What is the units digit of l?
5
Let l(g) = 8*g + 1. What is the tens digit of l(3)?
2
Let w(d) = 21*d**2 + 6*d - 6. What is the units digit of w(3)?
1
Suppose 4*c - 66 - 202 = -5*d, d = 0. What is the tens digit of c?
6
Let y be (-1)/((-2)/(-2)) - -4. Suppose -3*p + 2*p + 80 = 0. Suppose -3*j + y*u + p = -u, -105 = -5*j + u. What is the tens digit of j?
2
Let g(c) = c**3 + 9*c**2 + 2*c - 4. What is the units digit of g(-8)?
4
Suppose 2*c - 46 = 3*x, 6 = -3*x - 0*x. What is the units digit of c?
0
What is the tens digit of 89 + 1 + 20/(-5)?
8
Let r = 2 - 2. Let s = 4 - r. Suppose 5*i = 2*u + 30, 0 = 3*i - u + s - 23. What is the units digit of i?
8
Let n(f) = f**3 - f**2 - 2. Let j(u) = u**3 + 3*u**2 - 1. Let c = 7 + -9. Let i be j(c). What is the units digit of n(i)?
6
Let o = 73 - 96. Suppose 0 = -4*x + 83 + 69. Let z = x + o. What is the units digit of z?
5
Let i be 48/(-21) + 2/7. Let o be (-1 - -2) + i + 3. What is the units digit of (-22)/(-10) + o/(-10)?
2
Let u be (-2)/(-8) + 69/12. What is the tens digit of (3 - u)/((-3)/41)?
4
Suppose y - 6 = 3*s, -4*s + 0*s - y - 8 = 0. Let m(w) = -w + 1. What is the units digit of m(s)?
3
Let h(a) = a**3 + 4*a**2 - 7*a - 7. What is the units digit of h(-5)?
3
Let v = -7 - -11. What is the units digit of v?
4
Let j(t) = t + 18. Let k be j(-14). Suppose 2*o + 0 = -5*y + k, 4*y - o = 11. What is the units digit of y?
2
Let c be -1*3*6/9. What is the units digit of -1*((c - -1) + -4)?
5
Let u(q) = 2*q**2 - 3*q - 1. Suppose i - 6 = -3. What is the units digit of u(i)?
8
Suppose 5*o + x - 58 = 2*o, -5*o - 5*x = -90. What is the units digit of o?
0
Let v(m) = 6*m**2 - 2*m + 5. What is the units digit of v(3)?
3
Suppose 6 = -j - 3. Let o = 14 - j. What is 